-135)/a?
1
Suppose 2*s - 3*c = -3*s + 37, -4*s - c + 33 = 0. Let n = s - 6. Let o = n + 4. What is the units digit of o?
6
Suppose -2*t = -5*f + 1, 5*t - 35 + 3 = f. Suppose -5*l + t = 37. What is the units digit of (l/8)/((-2)/8)?
3
Suppose -5*k - 1 - 14 = -3*x, -4*k = -2*x + 10. Suppose k = 5*z - 4*w - 544, -10*w + 6*w + 320 = 3*z. What is the tens digit of z?
0
Suppose 5*a + 4*o - 390 = 0, 0 = 4*a - 2*o - 123 - 163. What is the tens digit of a?
7
Let u(q) = -27*q**2 + q. Let g be u(-1). Let v = g + 62. Let x = v - 29. What is the units digit of x?
5
Suppose -2863 = -23*s + 1001. What is the hundreds digit of s?
1
Let n(u) = -3*u + 26. Let j = 52 - 44. What is the units digit of n(j)?
2
Suppose -4*s + 18 = -6*s. Let f = -38 + 68. Let m = f - s. What is the units digit of m?
9
Let g = -103 - -99. What is the hundreds digit of (-9)/((-18)/212) + g?
1
Suppose -26*s + 28*s = 434. What is the hundreds digit of s?
2
Suppose -41 = -x + 687. What is the hundreds digit of x?
7
Suppose 0 = -4*b - 3*b. Suppose -5*h - 15 = b, -369 = -5*t - 3*h + 6*h. What is the units digit of t?
2
Suppose 19*f - 464 = 11*f. Let z = -64 + 42. Let w = f + z. What is the units digit of w?
6
Suppose -11511 = -13*y + 4*y. What is the units digit of y?
9
Let u(j) = 3*j + 41. Let r be u(-17). Let k = -3 + 21. Let n = r + k. What is the units digit of n?
8
Suppose 9*p - 4*p + 24 = -4*a, 0 = -4*p. Let z(c) = -4*c - 8. Let w be z(a). Suppose -4*o = -x + 23, -w = -2*x + 2*o - 4*o. What is the tens digit of x?
1
Let o(m) = 3*m**2 - 4*m + 7. Let q be o(-5). Suppose 2*k - 3*k = -q. Suppose -58 = -4*h + 2*r + k, -4*h = 4*r - 148. What is the tens digit of h?
3
Suppose 0 = -3*n - 0*n + 6. Let r(l) = -n*l**2 - l + 2*l**2 + l**2 + 0*l - 3. What is the units digit of r(4)?
9
Suppose 0 = -q - 4, -y + 3*q = -2*y - 7. Suppose y*d = -0*d + 690. What is the units digit of d?
8
What is the hundreds digit of (-15)/(45/(-6472)) + 4/6?
1
Let z = -449 + 881. Suppose 164 = 2*f + 3*m, -2*m = 5*f - 0*m - z. What is the units digit of f?
8
Suppose 135*a + 134 = 136*a. What is the tens digit of a?
3
Let a(u) = -u**3 + 4*u**2 + 10*u + 24. Let g be a(6). Suppose 430 - 3502 = -g*z. What is the tens digit of z?
5
Suppose p - 3*p - 132 = 0. What is the tens digit of (40/12)/((-4)/p)?
5
Let x(w) be the first derivative of 2/3*w**3 + 12 - 9*w + 6*w**2. What is the tens digit of x(-10)?
7
Suppose 0 = -b - 5 - 0. Let l = b - -48. What is the tens digit of l?
4
Let q(n) = -45*n - 375. What is the units digit of q(-32)?
5
Suppose 0*f = 3*f - t - 51, -f + 13 = t. Let o(b) = b**2 - 23*b + 5. Let d be o(23). Suppose f + 9 = d*x. What is the units digit of x?
5
Suppose 5*s + 3*l - 6893 = 0, -s = -4*l - 668 - 706. What is the thousands digit of s?
1
Suppose q = -0*m - 3*m + 12, -4*m = -4*q. Let f be (-1)/q + 205/(-15). Let k = f - -17. What is the units digit of k?
3
Suppose 289 = 3*i - 2*c, i - 6*i + 485 = -5*c. Let r be (23/3 + -3)/((-2)/(-15)). Suppose -i = j - 5*j + u, -j + r = 2*u. What is the units digit of j?
5
Suppose 2*m = 9*m - 812. Suppose 5*d - d - m = 0. What is the units digit of d?
9
Let m = -157 + 651. What is the tens digit of m?
9
Suppose 0 = -4*q + 110 + 10. Suppose 0 = -b + 3*a + 8 + 11, -a - 5 = 0. Suppose 5*t - q = -5*z, b*z - 4*t - 33 = 7. What is the units digit of z?
8
Suppose 2*n - 6*n + 568 = 0. Let v = n + -32. What is the tens digit of v?
1
Suppose -4*l + 5*o + 26 = 0, -2 = -l - 4*o - 6. Suppose -8 - 4 = -3*i, 436 = l*m - 2*i. What is the tens digit of m?
1
Let d(m) = 4*m + 4*m + m**3 + 11*m - 12 + 13*m**2 + 0*m**3. What is the tens digit of d(-11)?
2
Suppose -2*u = -3*d + 9 - 24, 2*d = -3*u - 23. Let r = d + 9. What is the units digit of ((-3)/r)/(27/(-396))?
2
Let w(o) = -5*o + 29. Let k = 53 + -60. What is the units digit of w(k)?
4
Suppose 5*k - 5*s = 560, -3*k - 2*s = -0*s - 346. Suppose -y = 4*j - 3*y - 90, 5*j = y + k. What is the units digit of j?
3
Suppose -2*a = -2, -3*a - 2 = -f + a. Let x be f*(-4)/(48/(-10)). Suppose -x*k = -6*k + 18. What is the tens digit of k?
1
Let z(a) = 22*a**2 - 20*a. What is the units digit of z(15)?
0
Let p = -3 - -3. Suppose 5*d + p*d = 4*q - 154, -3*q = d - 106. What is the units digit of q?
6
Suppose 0 = -h - f + 1703, 5*h + f + 5097 = 8*h. What is the thousands digit of h?
1
Suppose t = 4*t. Let n(c) = 4*c**2 - 2*c**2 + t*c**2 - c**2 + 3 - 3*c. What is the tens digit of n(6)?
2
Suppose -96*b + 91*b + 2065 = 0. Suppose -11*z = -1160 - b. What is the units digit of z?
3
Suppose 0 = 5*y + 5*n - 13750, -y + 2*n - 10996 = -5*y. What is the units digit of y?
8
Let t(z) = 19*z**3 + 5*z**2 - 14*z - 26. What is the thousands digit of t(5)?
2
Let j(t) be the second derivative of 3*t**4/2 + t**3/2 - t**2/2 + t - 46. Let q be (-4)/(-6) - (-4)/3. What is the units digit of j(q)?
7
Let t(h) = -6*h. Let f be t(6). What is the tens digit of (f/(-27))/(2/153)?
0
Let a(m) = 4*m - 22. Let z be a(7). What is the tens digit of 123 - (z + -1 + -2)?
2
Let z(f) = -f**3 + 7*f**2 - 6*f + 1. Let p be z(7). Suppose 4*s + 8 = 0, 2*s = -2*h - h - 220. Let k = p - h. What is the units digit of k?
1
Let o = 1164 - 623. What is the hundreds digit of o?
5
What is the units digit of (20 + -23)*1582/(-21)?
6
Suppose -4*s + 3567 = u, 38*s + 14287 = 4*u + 35*s. What is the thousands digit of u?
3
Let g(w) = w**3 + 13*w**2 + 5*w - 9. Suppose 8*n - 11 = 9*n. What is the hundreds digit of g(n)?
1
Let t(w) = -w**2 - 8*w - 10. Let o be t(-5). Suppose -329 = -4*j + o*s, -2*j + 2*s + 253 - 89 = 0. What is the units digit of j?
1
Let b(z) = z**3 + 13*z**2 - 47*z - 11. What is the tens digit of b(-14)?
5
Let n be (-1 + 1)/(10/10). Suppose -3*w - w + 12 = n. Suppose 7 = -2*v + w*v. What is the units digit of v?
7
Let k be 4341/(-33) + 150/275. Suppose -4*x + 4*w - 356 = 0, -8*x - w = -3*x + 421. Let c = x - k. What is the units digit of c?
6
Suppose 0 = -12*i + 13*i - 241. What is the tens digit of i?
4
Let r = 677 + -468. What is the tens digit of r?
0
Let m(s) = s**2 + 2*s. Suppose -2*c - 3*c + 6 = 2*l, 2*l + c = 6. Suppose -4*r + 15 = -2*p + l*p, 2*r - 35 = 5*p. What is the units digit of m(r)?
5
What is the units digit of 5587/11 + (-29)/(-319)?
8
Suppose 31 = -2*w + 65. What is the units digit of w?
7
Let n = 6310 + -2876. What is the thousands digit of n?
3
Let j(x) be the first derivative of -4 - 1/2*x**2 + 4*x. What is the units digit of j(2)?
2
Suppose l + 3*l = -24. Let q be (-1)/(-3)*(-3 + l). What is the units digit of 1 + 4 + q/3?
4
Let l be 3 - (-6)/(12/22). What is the hundreds digit of -1 - -109 - (15 - l)?
1
What is the thousands digit of (-18416)/(-10) - (-266)/190?
1
Let j be 20/8*6/5. Suppose 0 = 4*y - 2*y - 8, 3*y = j*i + 3. Suppose -3*v - t = -6*v + 39, i*v - 33 = -t. What is the tens digit of v?
1
Let g(h) = -6*h + 102. Let c be g(19). What is the units digit of (-6)/(-9) - 4216/c?
2
Suppose 3*v = -7 + 1. Let b be v*(0 + 1) - -5. Suppose -4*z - 5*l = 9, -z = -b*z - 5*l - 17. What is the units digit of z?
4
Let x(u) = u + 2. Let v be x(3). Let r(g) = g**2 - 2*g + 3. Let j be r(2). Suppose k - j = v. What is the units digit of k?
8
Let f be (-1 + 0)*(0 + 0). Let s = 13 - f. What is the units digit of s?
3
Suppose 4*k = 3*b - 14, -4 = 3*b - 0*b + 5*k. Suppose p = -5*q + 66, -b*p + 3*q + 124 + 60 = 0. What is the tens digit of p?
8
Let r(u) = u**3 - 9*u**2 + 11*u - 12. Let o = -15 - -11. Let i = o + 12. What is the units digit of r(i)?
2
Let p(j) = -j - 5. Let g be p(-3). What is the tens digit of 348/(-8)*g/3?
2
Suppose 0 = -4*t - 22 + 46. Suppose -10*l = -t*l - 188. What is the units digit of l?
7
Let g(x) = -x**3 - x**2 + 2*x + 1. Let k be g(0). What is the tens digit of ((-2)/k)/(1/124*-2)?
2
Let r(x) = -x**3 + x**2 - 3*x. Let j be r(2). Let z(d) = -2*d - 3. What is the tens digit of z(j)?
1
Suppose 2*d - h = 6*d - 12880, -3220 = -d + 3*h. What is the units digit of d?
0
Let w(v) = -2*v + 12. Let d be w(5). Suppose -d*a - 27 = -173. What is the units digit of a?
3
Let r(a) = 2*a**3 + 19*a**2 - 18*a - 12. What is the tens digit of r(-10)?
6
Let j be 4*12/64*-4. Let m be (4 - j)/(2/68). Let z = m - 165. What is the tens digit of z?
7
Let u(j) = -j**3 + 2*j**2 + j + 16. Let m be u(4). Let y = m - -41. What is the tens digit of y?
2
Let p = 242 + 300. What is the tens di